es 135 divide 1250?
False
Is 31 a factor of 379378?
True
Is 12 a factor of 8529900?
True
Is 14 a factor of 5486095?
False
Is 297 a factor of 963885?
False
Is 8273 a multiple of 13?
False
Is 20 a factor of 303853?
False
Is 331296 a multiple of 672?
True
Does 17 divide 1632782?
True
Is 4678180 a multiple of 26?
True
Is 385 a factor of 94325?
True
Is 43 a factor of 142158?
True
Is 20967550 a multiple of 2463?
False
Is 1309811 even?
False
Is 486216 a multiple of 54?
True
Is 8243 a multiple of 124?
False
Does 32 divide 620992?
True
Is 36 a factor of 7951385?
False
Is 30 a factor of 19265?
False
Is 16217936 a multiple of 89?
True
Does 67 divide 3947461?
False
Does 724 divide 15237304?
True
Is 13 a factor of 14235?
True
Is 2 a factor of 308421?
False
Does 2410 divide 24398502?
False
Is 538 a factor of 768802?
True
Is 1026 a factor of 2101196?
False
Does 37 divide 261738?
True
Does 81 divide 4055022?
True
Does 66 divide 389649?
False
Does 34 divide 213622?
True
Does 42 divide 183479?
False
Is 353599 a multiple of 103?
True
Does 38 divide 18797?
False
Is 598746 a multiple of 44?
False
Is 2016674 a multiple of 31?
True
Does 3 divide 144986?
False
Is 136 a factor of 442422?
False
Does 385 divide 111150?
False
Is 52367 a multiple of 15?
False
Does 28 divide 25676?
True
Is 32 a factor of 11264?
True
Does 227 divide 614489?
True
Is 47371 even?
False
Is 343958 a multiple of 27?
False
Is 93891 a multiple of 290?
False
Is 120618 a multiple of 6?
True
Does 15 divide 323908?
False
Is 10 a factor of 150910?
True
Does 356 divide 196156?
True
Is 56 a factor of 11872743?
False
Does 15 divide 595216?
False
Does 52 divide 6388668?
True
Does 690 divide 5049992?
False
Is 561 a factor of 4737752?
False
Is 61 a factor of 1751201?
False
Is 60858 a multiple of 63?
True
Does 61 divide 196152?
False
Does 16 divide 541946?
False
Is 9146 a multiple of 8?
False
Is 15163293 a multiple of 28?
False
Is 16015125 a multiple of 15?
True
Does 289 divide 206745?
False
Does 111 divide 3385056?
True
Is 271947 a multiple of 69?
False
Is 34734 a multiple of 42?
True
Is 12 a factor of 40524?
True
Does 210 divide 116556?
False
Is 185 a factor of 5762750?
True
Is 14 a factor of 423303?
False
Does 5 divide 295131?
False
Is 2328195 a multiple of 577?
True
Does 190 divide 462214?
False
Is 8 a factor of 758983?
False
Is 300021 a multiple of 123?
False
Is 137 a factor of 331635?
False
Does 280 divide 247768?
False
Is 217360 a multiple of 247?
True
Does 55 divide 1747271?
False
Is 471 a factor of 3660986?
False
Is 5 a factor of 169120?
True
Is 1183379 a multiple of 14?
False
Is 221154 a multiple of 29?
True
Is 1266735 a multiple of 364?
False
Is 42 a factor of 10165198?
False
Does 38 divide 2656973?
False
Is 2111148 a multiple of 156?
True
Is 53010 a multiple of 190?
True
Does 382 divide 91680?
True
Does 16 divide 401552?
True
Is 77097 a multiple of 31?
True
Is 128 a multiple of 3?
False
Does 68 divide 359419?
False
Is 89 a factor of 1333220?
True
Is 720 a multiple of 2?
True
Does 5 divide 755520?
True
Is 125477 a multiple of 187?
True
Does 112 divide 241024?
True
Is 265 a factor of 447320?
True
Does 169 divide 930068?
False
Does 6 divide 799422?
True
Is 12 a factor of 1059060?
True
Is 139 a factor of 899052?
True
Is 359724 a multiple of 12?
True
Is 117 a factor of 3201237?
True
Is 322 a factor of 53824?
False
Is 25 a factor of 767676?
False
Is 132 a factor of 1942380?
True
Is 105 a factor of 1277430?
True
Is 41 a factor of 609711?
True
Does 11 divide 554037?
True
Does 393 divide 1998405?
True
Is 2202696 a multiple of 245?
False
Is 36 a factor of 10440?
True
Does 17 divide 8150786?
True
Is 50181 a multiple of 41?
False
Is 53277 a multiple of 21?
True
Is 55590 a multiple of 545?
True
Is 81 a factor of 211167?
True
Is 144035 even?
False
Is 2269844 a multiple of 764?
True
Is 373 a factor of 278424?
False
Is 46 a factor of 146924?
True
Is 3 a factor of 113773?
False
Does 168 divide 161952?
True
Is 2715107 a multiple of 1066?
False
Is 773 a factor of 405825?
True
Is 267 a factor of 3132444?
True
Is 570 a factor of 237120?
True
Does 14 divide 4254?
False
Is 302 a factor of 357266?
True
Does 147 divide 190659?
True
Is 80 a factor of 7105398?
False
Is 918 a factor of 1111698?
True
Is 15514 a multiple of 12?
False
Is 104 a factor of 125915?
False
Does 6 divide 2420052?
True
Does 2 divide 5115?
False
Is 7 a factor of 982989?
True
Does 96 divide 20588306?
False
Does 9 divide 46053?
True
Does 941 divide 2185002?
True
Is 487 a factor of 1171178?
False
Does 29 divide 7560006?
False
Does 30 divide 17532540?
True
Is 67 a factor of 294532?
True
Is 58 a factor of 382554?
False
Does 54 divide 6375834?
True
Is 1435005 a multiple of 13?
True
Is 1160 a factor of 23473287?
False
Does 136 divide 20280541?
False
Is 38 a factor of 337684?
False
Is 2489 a factor of 8096446?
False
Is 7 a factor of 52585?
False
Is 141810 a multiple of 87?
True
Is 593654 a multiple of 43?
False
Does 93 divide 92163?
True
Is 279 a factor of 1131903?
True
Does 267 divide 611420?
False
Does 7 divide 136068?
False
Is 2 a factor of 83204?
True
Does 8 divide 962003?
False
Does 17 divide 993195?
False
Is 14 a factor of 757955?
False
Is 39670 a multiple of 10?
True
Is 71553 a multiple of 23?
True
Does 98 divide 104258?
False
Does 66 divide 36564?
True
Is 126 a factor of 3809320?
False
Is 5727237 a multiple of 236?
False
Does 21 divide 27010?
False
Is 71649 a multiple of 359?
False
Is 10063479 a multiple of 768?
False
Is 102 a factor of 6517229?
False
Is 23 a factor of 28520?
True
Is 163902 a multiple of 131?
False
Does 931 divide 3308613?
False
Does 43 divide 291024?
True
Is 105968 a multiple of 148?
True
Does 8 divide 3852310?
False
Is 1121818 a multiple of 14?
False
Is 5117 a multiple of 218?
False
Is 16769977 a multiple of 280?
False
Is 124230 a multiple of 30?
True
Does 19 divide 16929?
True
Does 2 divide 36599?
False
Is 56 a factor of 8772960?
True
Does 391 divide 1305940?
True
Does 108 divide 122256?
True
Is 2102994 a multiple of 60?
False
Is 98160 a multiple of 16?
True
Does 22 divide 668508?
False
Is 26 a factor of 48296?
False
Is 2723148 a multiple of 260?
False
Does 181 divide 215209?
True
Is 15820 a multiple of 14?
True
Is 10 a factor of 17496840?
True
Is 243227 a multiple of 408?
False
Is 4806953 a multiple of 754?
False
Does 118 divide 189930?
False
Does 570 divide 2441310?
True
Is 354 a factor of 8805850?
False
Is 984 a factor of 3867978?
False
Is 21 a factor of 1380687?
True
Does 61 divide 2389370?
True
Does 23 divide 2046277?
False
Is 29 a factor of 1396031?
True
Is 30497005 a multiple of 22?
False
Is 300 a factor of 6699432?
False
Is 68 a factor of 1289127?
False
Is 3527180 a multiple of 10?
True
Is 74 a factor of 182519?
False
Does 29 divide 180207?
False
Is 44 a factor of 204469?
False
Is 2134 a multiple of 16?
False
Does 54 divide 30510?
True
Is 182668 a multiple of 4?
True
Is 4085060 a multiple of 14?
True
Does 255 divide 197341?
False
Is 58 a factor of 197780?
True
Is 1260808 a multiple of 359?
True
Is 29 a factor of 118001?
True
Is 830034 a multiple of 38?
True
Is 5 a factor of 2485441?
False
Is 172044 a multiple of 30?
False
Is 267 a factor of 18668?
False
Is 13 a factor of 879314?
False
Does 12 divide 4226039?
False
Is 1374262 a multiple of 2?
True
Is 19039 a multiple of 79?
True
Is 68 a factor of 82078?
False
Is 147 a factor of 3170943?
False
Does 17 divide 301218?
False
Does 379 divide 19013293?
True
Does 225 divide 3349125?
True
Is 16 a factor of 49679?
False
Does 8 divide 11714392?
True
Is 44156 a multiple of 83?
True
Does 5 divide 577040?
True
Does 3 divide 4302?
True
Does 2 divide 4351?
False
Is 11969210 a multiple of 2335?
True
Is 41 a factor of 2620691?
False
Is 510741 a multiple of 201?
True
Does 61 divide 896540?
False
Is 95 a factor of 142177?
False
Is 20342 a multiple of 103?
False
Is 3513 a multiple of 23?
False
Is 3 a factor of 48868?
False
Does 62 divide 99740?
False
Is 1015 a multiple of 7?
True
Does 8 divide 8240?
True
Does 82 divide 14791895?
False
Does 72 divide 2005380?
False
Is 265 a factor of 4064729?
False
Is 398185 a multiple of 368?
False
Is 15 a factor of 1011276?
False
Is 25 a factor of 105025?
True
Is 33 a factor of 277167?
True
Does 125 divide 104000?
True
Is 71199 a multiple of 243?
True
Is 170